hest common divisor of 90502 and 5106.
74
What is the greatest common divisor of 104404176 and 522?
522
What is the greatest common divisor of 110697360 and 600?
120
Calculate the highest common divisor of 7 and 675450979.
7
Calculate the greatest common divisor of 5992 and 5056606.
214
Calculate the greatest common divisor of 274431250 and 27732.
4622
What is the greatest common divisor of 6248 and 9389182?
1562
Calculate the greatest common factor of 1440300370 and 290.
290
What is the highest common factor of 109025 and 50?
25
What is the greatest common factor of 1351 and 10389383?
193
Calculate the highest common divisor of 26742268 and 336.
28
Calculate the highest common factor of 919380 and 784060.
3980
What is the highest common divisor of 13620 and 1433732?
908
What is the highest common factor of 2232681 and 696?
87
What is the greatest common divisor of 19461 and 467415?
39
What is the highest common factor of 4672 and 1670824?
584
Calculate the greatest common divisor of 4431722 and 427610.
1402
Calculate the highest common factor of 31805939 and 10406.
5203
Calculate the highest common factor of 1957785752 and 376.
376
Calculate the greatest common factor of 224940 and 891480.
1380
Calculate the highest common divisor of 1325 and 46855180.
265
What is the highest common factor of 494120 and 282040?
440
Calculate the highest common divisor of 29978234 and 132.
22
What is the highest common divisor of 161 and 870191?
7
Calculate the highest common factor of 7992 and 239908.
148
What is the highest common divisor of 3148 and 41059364?
3148
Calculate the greatest common divisor of 41076 and 277368.
84
What is the highest common divisor of 1360 and 9424885?
85
What is the highest common divisor of 590821 and 1133?
11
What is the greatest common divisor of 104192946 and 786?
786
Calculate the highest common divisor of 36990064 and 40.
8
Calculate the greatest common factor of 5136505 and 44530.
305
Calculate the greatest common divisor of 299 and 12414337.
13
Calculate the highest common divisor of 751891 and 624673.
1631
What is the highest common divisor of 433293 and 4324?
47
What is the highest common divisor of 15433 and 1679147?
61
What is the highest common factor of 6231610 and 770?
770
What is the greatest common divisor of 287741858 and 316?
158
Calculate the highest common divisor of 4913 and 95759861.
289
Calculate the highest common divisor of 3674 and 72201782.
334
Calculate the greatest common divisor of 27045057 and 1261.
13
Calculate the greatest common divisor of 291249 and 170352.
63
Calculate the greatest common factor of 999 and 3464505.
27
What is the highest common factor of 429834610 and 10?
10
Calculate the highest common divisor of 26654694 and 198.
66
Calculate the greatest common divisor of 1537722 and 36.
18
Calculate the greatest common divisor of 163579082 and 8178.
2726
What is the highest common divisor of 13090 and 383416?
22
What is the greatest common factor of 662987 and 1404?
13
Calculate the greatest common divisor of 8260 and 344993060.
1180
What is the highest common factor of 69740 and 83292?
44
Calculate the highest common divisor of 412815 and 1401309.
1131
What is the highest common factor of 286 and 135733806?
26
Calculate the highest common divisor of 40 and 9418580.
20
What is the highest common divisor of 160719 and 429?
39
What is the highest common factor of 44 and 247231732?
44
Calculate the highest common divisor of 3264 and 4065511104.
3264
Calculate the highest common divisor of 361665 and 180405.
855
Calculate the greatest common divisor of 960 and 16799160.
120
Calculate the highest common factor of 38806930 and 63365.
2755
What is the greatest common divisor of 8448385 and 135?
5
Calculate the greatest common factor of 2429747078 and 58.
58
Calculate the greatest common divisor of 5063 and 572617.
83
What is the greatest common factor of 213179014 and 102?
34
Calculate the greatest common factor of 146121464 and 168.
8
What is the greatest common factor of 33845 and 1771560?
35
Calculate the highest common divisor of 734 and 412640854.
734
Calculate the greatest common factor of 128449002 and 132.
66
Calculate the highest common factor of 170840878 and 3796.
1898
What is the highest common divisor of 5537542 and 12382?
82
What is the highest common divisor of 1020 and 352440260?
340
Calculate the highest common divisor of 15 and 25220955.
15
Calculate the highest common divisor of 4 and 1247678.
2
Calculate the highest common divisor of 212069 and 4408959.
1483
What is the highest common factor of 86563 and 2033?
107
What is the highest common divisor of 2250180 and 3180?
60
Calculate the highest common factor of 18031 and 251704.
73
What is the highest common divisor of 354514721 and 106?
53
Calculate the highest common factor of 52331438 and 9003.
3001
What is the greatest common factor of 1792 and 749?
7
What is the highest common factor of 868718 and 21166?
38
Calculate the highest common divisor of 313401 and 198.
33
Calculate the highest common divisor of 4656825 and 675.
675
Calculate the greatest common factor of 19230 and 32580.
30
Calculate the greatest common divisor of 17367 and 36526109.
827
What is the greatest common divisor of 680 and 2664665?
85
Calculate the highest common factor of 76 and 207524897.
19
Calculate the greatest common factor of 62830 and 51850.
610
What is the highest common factor of 10494 and 249237747?
5247
What is the greatest common divisor of 180606151 and 44?
11
Calculate the highest common factor of 1533031 and 2009.
41
Calculate the highest common divisor of 531408 and 62.
2
What is the highest common factor of 1168231573 and 246?
41
Calculate the highest common divisor of 722982463 and 7.
7
Calculate the highest common factor of 2251 and 176185770.
2251
Calculate the greatest common factor of 235341370 and 170.
170
What is the greatest common factor of 168534452 and 1506?
502
What is the highest common divisor of 2755 and 749215?
145
Calculate the highest common factor of 8729985 and 346773.
1011
Calculate the greatest common factor of 55 and 16093780.
5
What is the highest common factor of 132832866 and 4182?
4182
What is the greatest common divisor of 362905 and 16040?
2005
What is the greatest common factor of 982376 and 33516?
76
What is the greatest common divisor of 252 and 66427740?
36
Calculate the greatest common factor of 1208824 and 3710.
106
Calculate the greatest common factor of 6610139 and 326.
163
What is the greatest common divisor of 47975 and 7948700?
2525
What is the highest common divisor of 972 and 215856?
36
What is the greatest common factor of 19 and 126740507?
19
What is the greatest common factor of 904 and 16523877?
113
Calculate the highest common divisor of 621 and 382973.
23
Calculate the highest common factor of 24383296 and 104.
8
Calculate the highest common divisor of 387 and 7319761.
43
Calculate the highest common factor of 118 and 174350546.
118
What is the greatest common divisor of 4928 and 2019136?
448
Calculate the highest common divisor of 1896164742 and 3138.
3138
What is the highest common divisor of 99116 and 262984?
284
Calculate the highest common divisor of 9892800 and 1100.
100
Calculate the highest common divisor of 5390 and 18854.
22
Calculate the greatest common divisor of 3142134 and 261504.
4086
Calculate the highest common divisor of 456 and 236061624.
456
Calculate the highest common factor of 1767374 and 1442.
14
Calculate the highest common factor of 150336 and 98880.
192
Calculate the greatest common divisor of 4495 and 557702741.
899
What is the greatest common divisor of 4162585 and 455?
35
Calculate the greatest common factor of 8890992 and 19008.
4752
Calculate the greatest common divisor of 3122402 and 6364.
86
Calculate the greatest common divisor of 626 and 13788902.
626
Calculate the highest common factor of 5204307 and 12.
3
Calculate the highest common factor of 273122 and 146914.
986
What is the greatest common divisor of 61904 and 25823312?
1168
What is the highest common factor of 608 and 142870120?
152
What is the greatest common divisor of 1907625 and 42000?
375
What is the highest common factor of 7125 and 386517?
57
What is the highest common factor of 733